{"id":363,"date":"2022-05-10T18:58:32","date_gmt":"2022-05-10T18:58:32","guid":{"rendered":"https:\/\/mediumturquoise-oyster-620936.hostingersite.com\/?page_id=363"},"modified":"2022-05-10T18:59:34","modified_gmt":"2022-05-10T18:59:34","slug":"artes-pola-integracion","status":"publish","type":"page","link":"https:\/\/diversos.gal\/es\/artes-pola-integracion\/","title":{"rendered":"Artes Pola Integraci\u00f3n"},"content":{"rendered":"","protected":false},"excerpt":{"rendered":"","protected":false},"author":1,"featured_media":0,"parent":0,"menu_order":0,"comment_status":"closed","ping_status":"closed","template":"","meta":{"_et_pb_use_builder":"","_et_pb_old_content":"","_et_gb_content_width":"","footnotes":""},"class_list":["post-363","page","type-page","status-publish","hentry"],"yoast_head":"<!-- This site is optimized with the Yoast SEO plugin v27.2 - https:\/\/yoast.com\/product\/yoast-seo-wordpress\/ -->\n<title>Artes Pola Integraci\u00f3n - Diversos, Asocicaci\u00f3n Cultural para la Integraci\u00f3n Social<\/title>\n<meta name=\"robots\" content=\"index, follow, max-snippet:-1, max-image-preview:large, max-video-preview:-1\" \/>\n<link rel=\"canonical\" href=\"https:\/\/diversos.gal\/es\/artes-pola-integracion\/\" \/>\n<meta property=\"og:locale\" content=\"es_ES\" \/>\n<meta property=\"og:type\" content=\"article\" \/>\n<meta property=\"og:title\" content=\"Artes Pola Integraci\u00f3n - Diversos, Asocicaci\u00f3n Cultural para la Integraci\u00f3n Social\" \/>\n<meta property=\"og:url\" content=\"https:\/\/diversos.gal\/es\/artes-pola-integracion\/\" \/>\n<meta property=\"og:site_name\" content=\"Diversos, Asocicaci\u00f3n Cultural para la Integraci\u00f3n Social\" \/>\n<meta property=\"article:modified_time\" content=\"2022-05-10T18:59:34+00:00\" \/>\n<meta name=\"twitter:card\" content=\"summary_large_image\" \/>\n<script type=\"application\/ld+json\" class=\"yoast-schema-graph\">{\"@context\":\"https:\/\/schema.org\",\"@graph\":[{\"@type\":\"WebPage\",\"@id\":\"https:\/\/diversos.gal\/es\/artes-pola-integracion\/\",\"url\":\"https:\/\/diversos.gal\/es\/artes-pola-integracion\/\",\"name\":\"Artes Pola Integraci\u00f3n - Diversos, Asocicaci\u00f3n Cultural para la Integraci\u00f3n Social\",\"isPartOf\":{\"@id\":\"https:\/\/mediumturquoise-oyster-620936.hostingersite.com\/#website\"},\"datePublished\":\"2022-05-10T18:58:32+00:00\",\"dateModified\":\"2022-05-10T18:59:34+00:00\",\"breadcrumb\":{\"@id\":\"https:\/\/diversos.gal\/es\/artes-pola-integracion\/#breadcrumb\"},\"inLanguage\":\"es\",\"potentialAction\":[{\"@type\":\"ReadAction\",\"target\":[\"https:\/\/diversos.gal\/es\/artes-pola-integracion\/\"]}]},{\"@type\":\"BreadcrumbList\",\"@id\":\"https:\/\/diversos.gal\/es\/artes-pola-integracion\/#breadcrumb\",\"itemListElement\":[{\"@type\":\"ListItem\",\"position\":1,\"name\":\"Portada\",\"item\":\"https:\/\/diversos.gal\/es\/\"},{\"@type\":\"ListItem\",\"position\":2,\"name\":\"Artes Pola Integraci\u00f3n\"}]},{\"@type\":\"WebSite\",\"@id\":\"https:\/\/mediumturquoise-oyster-620936.hostingersite.com\/#website\",\"url\":\"https:\/\/mediumturquoise-oyster-620936.hostingersite.com\/\",\"name\":\"Diversos, Asocicaci\u00f3n Cultural para la Integraci\u00f3n Social\",\"description\":\"\",\"potentialAction\":[{\"@type\":\"SearchAction\",\"target\":{\"@type\":\"EntryPoint\",\"urlTemplate\":\"https:\/\/mediumturquoise-oyster-620936.hostingersite.com\/?s={search_term_string}\"},\"query-input\":{\"@type\":\"PropertyValueSpecification\",\"valueRequired\":true,\"valueName\":\"search_term_string\"}}],\"inLanguage\":\"es\"}]}<\/script>\n<!-- \/ Yoast SEO plugin. -->","yoast_head_json":{"title":"Artes Pola Integraci\u00f3n - Diversos, Asocicaci\u00f3n Cultural para la Integraci\u00f3n Social","robots":{"index":"index","follow":"follow","max-snippet":"max-snippet:-1","max-image-preview":"max-image-preview:large","max-video-preview":"max-video-preview:-1"},"canonical":"https:\/\/diversos.gal\/es\/artes-pola-integracion\/","og_locale":"es_ES","og_type":"article","og_title":"Artes Pola Integraci\u00f3n - Diversos, Asocicaci\u00f3n Cultural para la Integraci\u00f3n Social","og_url":"https:\/\/diversos.gal\/es\/artes-pola-integracion\/","og_site_name":"Diversos, Asocicaci\u00f3n Cultural para la Integraci\u00f3n Social","article_modified_time":"2022-05-10T18:59:34+00:00","twitter_card":"summary_large_image","schema":{"@context":"https:\/\/schema.org","@graph":[{"@type":"WebPage","@id":"https:\/\/diversos.gal\/es\/artes-pola-integracion\/","url":"https:\/\/diversos.gal\/es\/artes-pola-integracion\/","name":"Artes Pola Integraci\u00f3n - Diversos, Asocicaci\u00f3n Cultural para la Integraci\u00f3n Social","isPartOf":{"@id":"https:\/\/mediumturquoise-oyster-620936.hostingersite.com\/#website"},"datePublished":"2022-05-10T18:58:32+00:00","dateModified":"2022-05-10T18:59:34+00:00","breadcrumb":{"@id":"https:\/\/diversos.gal\/es\/artes-pola-integracion\/#breadcrumb"},"inLanguage":"es","potentialAction":[{"@type":"ReadAction","target":["https:\/\/diversos.gal\/es\/artes-pola-integracion\/"]}]},{"@type":"BreadcrumbList","@id":"https:\/\/diversos.gal\/es\/artes-pola-integracion\/#breadcrumb","itemListElement":[{"@type":"ListItem","position":1,"name":"Portada","item":"https:\/\/diversos.gal\/es\/"},{"@type":"ListItem","position":2,"name":"Artes Pola Integraci\u00f3n"}]},{"@type":"WebSite","@id":"https:\/\/mediumturquoise-oyster-620936.hostingersite.com\/#website","url":"https:\/\/mediumturquoise-oyster-620936.hostingersite.com\/","name":"Diversos, Asocicaci\u00f3n Cultural para la Integraci\u00f3n Social","description":"","potentialAction":[{"@type":"SearchAction","target":{"@type":"EntryPoint","urlTemplate":"https:\/\/mediumturquoise-oyster-620936.hostingersite.com\/?s={search_term_string}"},"query-input":{"@type":"PropertyValueSpecification","valueRequired":true,"valueName":"search_term_string"}}],"inLanguage":"es"}]}},"_links":{"self":[{"href":"https:\/\/diversos.gal\/es\/wp-json\/wp\/v2\/pages\/363","targetHints":{"allow":["GET"]}}],"collection":[{"href":"https:\/\/diversos.gal\/es\/wp-json\/wp\/v2\/pages"}],"about":[{"href":"https:\/\/diversos.gal\/es\/wp-json\/wp\/v2\/types\/page"}],"author":[{"embeddable":true,"href":"https:\/\/diversos.gal\/es\/wp-json\/wp\/v2\/users\/1"}],"replies":[{"embeddable":true,"href":"https:\/\/diversos.gal\/es\/wp-json\/wp\/v2\/comments?post=363"}],"version-history":[{"count":1,"href":"https:\/\/diversos.gal\/es\/wp-json\/wp\/v2\/pages\/363\/revisions"}],"predecessor-version":[{"id":364,"href":"https:\/\/diversos.gal\/es\/wp-json\/wp\/v2\/pages\/363\/revisions\/364"}],"wp:attachment":[{"href":"https:\/\/diversos.gal\/es\/wp-json\/wp\/v2\/media?parent=363"}],"curies":[{"name":"wp","href":"https:\/\/api.w.org\/{rel}","templated":true}]}}

Artes Pola Integración

<!-- This site is optimized with the Yoast SEO plugin v27.2 - https://yoast.com/product/yoast-seo-wordpress/ -->
<title>Artes Pola Integración - Diversos, Asocicación Cultural para la Integración Social</title>
<meta name="robots" content="index, follow, max-snippet:-1, max-image-preview:large, max-video-preview:-1" />
<link rel="canonical" href="https://diversos.gal/es/artes-pola-integracion/" />
<meta property="og:locale" content="es_ES" />
<meta property="og:type" content="article" />
<meta property="og:title" content="Artes Pola Integración - Diversos, Asocicación Cultural para la Integración Social" />
<meta property="og:url" content="https://diversos.gal/es/artes-pola-integracion/" />
<meta property="og:site_name" content="Diversos, Asocicación Cultural para la Integración Social" />
<meta property="article:modified_time" content="2022-05-10T18:59:34+00:00" />
<meta name="twitter:card" content="summary_large_image" />
<script type="application/ld+json" class="yoast-schema-graph">{"@context":"https://schema.org","@graph":[{"@type":"WebPage","@id":"https://diversos.gal/es/artes-pola-integracion/","url":"https://diversos.gal/es/artes-pola-integracion/","name":"Artes Pola Integración - Diversos, Asocicación Cultural para la Integración Social","isPartOf":{"@id":"https://mediumturquoise-oyster-620936.hostingersite.com/#website"},"datePublished":"2022-05-10T18:58:32+00:00","dateModified":"2022-05-10T18:59:34+00:00","breadcrumb":{"@id":"https://diversos.gal/es/artes-pola-integracion/#breadcrumb"},"inLanguage":"es","potentialAction":[{"@type":"ReadAction","target":["https://diversos.gal/es/artes-pola-integracion/"]}]},{"@type":"BreadcrumbList","@id":"https://diversos.gal/es/artes-pola-integracion/#breadcrumb","itemListElement":[{"@type":"ListItem","position":1,"name":"Portada","item":"https://diversos.gal/es/"},{"@type":"ListItem","position":2,"name":"Artes Pola Integración"}]},{"@type":"WebSite","@id":"https://mediumturquoise-oyster-620936.hostingersite.com/#website","url":"https://mediumturquoise-oyster-620936.hostingersite.com/","name":"Diversos, Asocicación Cultural para la Integración Social","description":"","potentialAction":[{"@type":"SearchAction","target":{"@type":"EntryPoint","urlTemplate":"https://mediumturquoise-oyster-620936.hostingersite.com/?s={search_term_string}"},"query-input":{"@type":"PropertyValueSpecification","valueRequired":true,"valueName":"search_term_string"}}],"inLanguage":"es"}]}</script>
<!-- / Yoast SEO plugin. -->

Artes Pola Integración - Diversos, Asocicación Cultural para la Integración Social

Diversos, Asocicación Cultural para la Integración Social
